{"id":21,"date":"2014-01-12T20:27:15","date_gmt":"2014-01-12T19:27:15","guid":{"rendered":"http:\/\/domuciech.com.pl\/NATURFARM\/?page_id=21"},"modified":"2014-01-30T14:41:25","modified_gmt":"2014-01-30T13:41:25","slug":"nasza-oferta","status":"publish","type":"page","link":"https:\/\/www.natur-farm.pl\/?page_id=21","title":{"rendered":"Nasza oferta"},"content":{"rendered":"<p>Poni\u017cej znajdziecie Pa\u0144stwo opis produkt\u00f3w znajduj\u0105cych si\u0119 w naszej ofercie. Zainteresowanych szczeg\u00f3\u0142ami oferty zapraszamy do kontaktu z naszymi oddzia\u0142ami.<\/p>\n","protected":false},"excerpt":{"rendered":"<p>Poni\u017cej znajdziecie Pa\u0144stwo opis produkt\u00f3w znajduj\u0105cych si\u0119 w naszej ofercie. Zainteresowanych szczeg\u00f3\u0142ami oferty zapraszamy do kontaktu z naszymi oddzia\u0142ami.<\/p>\n","protected":false},"author":1,"featured_media":0,"parent":0,"menu_order":0,"comment_status":"open","ping_status":"open","template":"page-template-portfolio.php","meta":{"footnotes":""},"class_list":["post-21","page","type-page","status-publish","hentry"],"_links":{"self":[{"href":"https:\/\/www.natur-farm.pl\/index.php?rest_route=\/wp\/v2\/pages\/21","targetHints":{"allow":["GET"]}}],"collection":[{"href":"https:\/\/www.natur-farm.pl\/index.php?rest_route=\/wp\/v2\/pages"}],"about":[{"href":"https:\/\/www.natur-farm.pl\/index.php?rest_route=\/wp\/v2\/types\/page"}],"author":[{"embeddable":true,"href":"https:\/\/www.natur-farm.pl\/index.php?rest_route=\/wp\/v2\/users\/1"}],"replies":[{"embeddable":true,"href":"https:\/\/www.natur-farm.pl\/index.php?rest_route=%2Fwp%2Fv2%2Fcomments&post=21"}],"version-history":[{"count":4,"href":"https:\/\/www.natur-farm.pl\/index.php?rest_route=\/wp\/v2\/pages\/21\/revisions"}],"predecessor-version":[{"id":112,"href":"https:\/\/www.natur-farm.pl\/index.php?rest_route=\/wp\/v2\/pages\/21\/revisions\/112"}],"wp:attachment":[{"href":"https:\/\/www.natur-farm.pl\/index.php?rest_route=%2Fwp%2Fv2%2Fmedia&parent=21"}],"curies":[{"name":"wp","href":"https:\/\/api.w.org\/{rel}","templated":true}]}}